{"id":276,"date":"2017-01-25T00:44:35","date_gmt":"2017-01-24T22:44:35","guid":{"rendered":"http:\/\/universalyaldiz.com\/?page_id=276"},"modified":"2021-12-07T15:45:09","modified_gmt":"2021-12-07T12:45:09","slug":"pirinc-klise","status":"publish","type":"page","link":"http:\/\/universalyaldiz.com\/index.php\/pirinc-klise\/","title":{"rendered":"Pirin\u00e7 Kli\u015fe"},"content":{"rendered":"<p><strong><u>P\u0130R\u0130N\u00c7 KL\u0130\u015eEN\u0130N \u00d6ZELL\u0130KLER\u0130;<\/u><\/strong><br \/>\n\u2022 Is\u0131y\u0131 \u00fcst\u00fcnde daha fazla tutabildi\u011fi i\u00e7in daha net bask\u0131 sonucu verir.<br \/>\n\u2022 Deforme olma s\u00fcresi daha uzun, y\u00fcksek tirajda kendine amorti edebilen bir yap\u0131ya sahiptir..<br \/>\n\u2022 \u0130nce ve hassas detaylar daha rahat \u00e7\u0131kar.<\/p>\n<p>\u2022 Talebe g\u00f6re CNC veya Lazer ile i\u015fleme yap\u0131la bilir.<\/p>\n<p><img decoding=\"async\" loading=\"lazy\" class=\"alignnone wp-image-277 mobilresim\" src=\"http:\/\/universalyaldiz.com\/wp-content\/uploads\/2017\/01\/21-300x169.png\" alt=\"\" width=\"520\" height=\"293\" srcset=\"http:\/\/universalyaldiz.com\/wp-content\/uploads\/2017\/01\/21-300x169.png 300w, http:\/\/universalyaldiz.com\/wp-content\/uploads\/2017\/01\/21-768x432.png 768w, http:\/\/universalyaldiz.com\/wp-content\/uploads\/2017\/01\/21-1024x576.png 1024w, http:\/\/universalyaldiz.com\/wp-content\/uploads\/2017\/01\/21-575x323.png 575w, http:\/\/universalyaldiz.com\/wp-content\/uploads\/2017\/01\/21-265x149.png 265w, http:\/\/universalyaldiz.com\/wp-content\/uploads\/2017\/01\/21-295x166.png 295w, http:\/\/universalyaldiz.com\/wp-content\/uploads\/2017\/01\/21.png 1920w\" sizes=\"(max-width: 520px) 100vw, 520px\" \/><\/p>\n","protected":false},"excerpt":{"rendered":"P\u0130R\u0130N\u00c7 KL\u0130\u015eEN\u0130N \u00d6ZELL\u0130KLER\u0130; \u2022 Is\u0131y\u0131 \u00fcst\u00fcnde daha fazla tutabildi\u011fi i\u00e7in daha net bask\u0131 sonucu verir. \u2022 Deforme olma s\u00fcresi daha uzun, y\u00fcksek tirajda kendine amorti edebilen bir yap\u0131ya sahiptir.. \u2022 \u0130nce ve hassas detaylar daha rahat \u00e7\u0131kar. \u2022 Talebe g\u00f6re CNC veya Lazer ile i\u015fleme yap\u0131la bilir.","protected":false},"author":1,"featured_media":0,"parent":0,"menu_order":0,"comment_status":"closed","ping_status":"closed","template":"page2.php","meta":[],"_links":{"self":[{"href":"http:\/\/universalyaldiz.com\/index.php\/wp-json\/wp\/v2\/pages\/276"}],"collection":[{"href":"http:\/\/universalyaldiz.com\/index.php\/wp-json\/wp\/v2\/pages"}],"about":[{"href":"http:\/\/universalyaldiz.com\/index.php\/wp-json\/wp\/v2\/types\/page"}],"author":[{"embeddable":true,"href":"http:\/\/universalyaldiz.com\/index.php\/wp-json\/wp\/v2\/users\/1"}],"replies":[{"embeddable":true,"href":"http:\/\/universalyaldiz.com\/index.php\/wp-json\/wp\/v2\/comments?post=276"}],"version-history":[{"count":5,"href":"http:\/\/universalyaldiz.com\/index.php\/wp-json\/wp\/v2\/pages\/276\/revisions"}],"predecessor-version":[{"id":376,"href":"http:\/\/universalyaldiz.com\/index.php\/wp-json\/wp\/v2\/pages\/276\/revisions\/376"}],"wp:attachment":[{"href":"http:\/\/universalyaldiz.com\/index.php\/wp-json\/wp\/v2\/media?parent=276"}],"curies":[{"name":"wp","href":"https:\/\/api.w.org\/{rel}","templated":true}]}}