{"id":252,"date":"2017-01-25T00:24:39","date_gmt":"2017-01-24T22:24:39","guid":{"rendered":"http:\/\/universalyaldiz.com\/?page_id=252"},"modified":"2017-02-25T14:10:25","modified_gmt":"2017-02-25T12:10:25","slug":"up-down-makine","status":"publish","type":"page","link":"http:\/\/universalyaldiz.com\/index.php\/up-down-makine\/","title":{"rendered":"Up-down Makine"},"content":{"rendered":"<div id=\"attachment_316\" style=\"width: 1034px\" class=\"wp-caption alignnone\"><img aria-describedby=\"caption-attachment-316\" decoding=\"async\" loading=\"lazy\" class=\"size-large wp-image-316 mobilresim\" src=\"http:\/\/universalyaldiz.com\/wp-content\/uploads\/2017\/01\/s\u0131cak-bask\u0131-makinesi1-1024x575.png\" alt=\"\" width=\"1024\" height=\"575\" srcset=\"http:\/\/universalyaldiz.com\/wp-content\/uploads\/2017\/01\/s\u0131cak-bask\u0131-makinesi1.png 1024w, http:\/\/universalyaldiz.com\/wp-content\/uploads\/2017\/01\/s\u0131cak-bask\u0131-makinesi1-300x168.png 300w, http:\/\/universalyaldiz.com\/wp-content\/uploads\/2017\/01\/s\u0131cak-bask\u0131-makinesi1-768x431.png 768w, http:\/\/universalyaldiz.com\/wp-content\/uploads\/2017\/01\/s\u0131cak-bask\u0131-makinesi1-575x323.png 575w, http:\/\/universalyaldiz.com\/wp-content\/uploads\/2017\/01\/s\u0131cak-bask\u0131-makinesi1-265x149.png 265w, http:\/\/universalyaldiz.com\/wp-content\/uploads\/2017\/01\/s\u0131cak-bask\u0131-makinesi1-295x166.png 295w\" sizes=\"(max-width: 1024px) 100vw, 1024px\" \/><p id=\"caption-attachment-316\" class=\"wp-caption-text\">up-down,s\u0131cak,yald\u0131z,makine,varak,yald\u0131z,makine<\/p><\/div>\n","protected":false},"excerpt":{"rendered":"","protected":false},"author":1,"featured_media":0,"parent":0,"menu_order":0,"comment_status":"closed","ping_status":"closed","template":"page2.php","meta":[],"_links":{"self":[{"href":"http:\/\/universalyaldiz.com\/index.php\/wp-json\/wp\/v2\/pages\/252"}],"collection":[{"href":"http:\/\/universalyaldiz.com\/index.php\/wp-json\/wp\/v2\/pages"}],"about":[{"href":"http:\/\/universalyaldiz.com\/index.php\/wp-json\/wp\/v2\/types\/page"}],"author":[{"embeddable":true,"href":"http:\/\/universalyaldiz.com\/index.php\/wp-json\/wp\/v2\/users\/1"}],"replies":[{"embeddable":true,"href":"http:\/\/universalyaldiz.com\/index.php\/wp-json\/wp\/v2\/comments?post=252"}],"version-history":[{"count":4,"href":"http:\/\/universalyaldiz.com\/index.php\/wp-json\/wp\/v2\/pages\/252\/revisions"}],"predecessor-version":[{"id":338,"href":"http:\/\/universalyaldiz.com\/index.php\/wp-json\/wp\/v2\/pages\/252\/revisions\/338"}],"wp:attachment":[{"href":"http:\/\/universalyaldiz.com\/index.php\/wp-json\/wp\/v2\/media?parent=252"}],"curies":[{"name":"wp","href":"https:\/\/api.w.org\/{rel}","templated":true}]}}