{"id":166,"date":"2017-01-24T16:10:56","date_gmt":"2017-01-24T14:10:56","guid":{"rendered":"http:\/\/universalyaldiz.com\/?page_id=166"},"modified":"2017-01-27T10:13:29","modified_gmt":"2017-01-27T08:13:29","slug":"plastik","status":"publish","type":"page","link":"http:\/\/universalyaldiz.com\/index.php\/plastik\/","title":{"rendered":"Plastik"},"content":{"rendered":"<p>Up-down ve Rollon makine yard\u0131m\u0131 ile enjeksiyon ve ekstr\u00fczyon makinelerinden \u00e7\u0131kan plastik \u00e7e\u015fitleri i\u00e7in \u00e7izilme direnci y\u00fcksek kaliteli folyolard\u0131r.<\/p>\n<p><strong><u>Ba\u015fl\u0131ca \u00f6zellikleri;<\/u><\/strong><\/p>\n<ul>\n<li>Y\u00fcksek fiziksel ve kimyasal diren\u00e7<\/li>\n<li>Iyi \u0131s\u0131 dayan\u0131kl\u0131l\u0131\u011f\u0131<\/li>\n<\/ul>\n<p><strong><u>Uygulama Alanlar\u0131;<\/u><\/strong><\/p>\n<ul>\n<li>Dekorasyon, Ev Elektroni\u011fi<\/li>\n<li>Amblemler,<\/li>\n<li>D\u00fc\u011fmeler ve profiller,<\/li>\n<li>Uygun Plastik PS, ABS, SAN, PVC<\/li>\n<\/ul>\n<p><strong><u>Damgalama S\u0131cakl\u0131\u011f\u0131;<\/u><\/strong><\/p>\n<ul>\n<li>160 &#8211; 180 \u00b0 C (320 &#8211; 356 \u00b0 F) rulo h\u0131z\u0131na ba\u011fl\u0131<\/li>\n<\/ul>\n<p>&nbsp;<\/p>\n<p><img decoding=\"async\" loading=\"lazy\" class=\"alignnone wp-image-221 mobilresim\" src=\"http:\/\/universalyaldiz.com\/wp-content\/uploads\/2017\/01\/otomotiv-300x85.png\" alt=\"\" width=\"487\" height=\"138\" srcset=\"http:\/\/universalyaldiz.com\/wp-content\/uploads\/2017\/01\/otomotiv-300x85.png 300w, http:\/\/universalyaldiz.com\/wp-content\/uploads\/2017\/01\/otomotiv-768x218.png 768w, http:\/\/universalyaldiz.com\/wp-content\/uploads\/2017\/01\/otomotiv-1024x290.png 1024w, http:\/\/universalyaldiz.com\/wp-content\/uploads\/2017\/01\/otomotiv-575x163.png 575w, http:\/\/universalyaldiz.com\/wp-content\/uploads\/2017\/01\/otomotiv-265x75.png 265w, http:\/\/universalyaldiz.com\/wp-content\/uploads\/2017\/01\/otomotiv-295x84.png 295w\" sizes=\"(max-width: 487px) 100vw, 487px\" \/><\/p>\n","protected":false},"excerpt":{"rendered":"Up-down ve Rollon makine yard\u0131m\u0131 ile enjeksiyon ve ekstr\u00fczyon makinelerinden \u00e7\u0131kan plastik \u00e7e\u015fitleri i\u00e7in \u00e7izilme direnci y\u00fcksek kaliteli folyolard\u0131r. Ba\u015fl\u0131ca \u00f6zellikleri; Y\u00fcksek fiziksel ve kimyasal diren\u00e7 Iyi \u0131s\u0131 dayan\u0131kl\u0131l\u0131\u011f\u0131 Uygulama Alanlar\u0131; Dekorasyon, Ev Elektroni\u011fi Amblemler, D\u00fc\u011fmeler ve profiller, Uygun Plastik PS, ABS, SAN, PVC Damgalama S\u0131cakl\u0131\u011f\u0131; 160 &#8211; 180 \u00b0 C (320 &#8211; 356 \u00b0&#8230;","protected":false},"author":1,"featured_media":0,"parent":0,"menu_order":0,"comment_status":"closed","ping_status":"closed","template":"page2.php","meta":[],"_links":{"self":[{"href":"http:\/\/universalyaldiz.com\/index.php\/wp-json\/wp\/v2\/pages\/166"}],"collection":[{"href":"http:\/\/universalyaldiz.com\/index.php\/wp-json\/wp\/v2\/pages"}],"about":[{"href":"http:\/\/universalyaldiz.com\/index.php\/wp-json\/wp\/v2\/types\/page"}],"author":[{"embeddable":true,"href":"http:\/\/universalyaldiz.com\/index.php\/wp-json\/wp\/v2\/users\/1"}],"replies":[{"embeddable":true,"href":"http:\/\/universalyaldiz.com\/index.php\/wp-json\/wp\/v2\/comments?post=166"}],"version-history":[{"count":4,"href":"http:\/\/universalyaldiz.com\/index.php\/wp-json\/wp\/v2\/pages\/166\/revisions"}],"predecessor-version":[{"id":294,"href":"http:\/\/universalyaldiz.com\/index.php\/wp-json\/wp\/v2\/pages\/166\/revisions\/294"}],"wp:attachment":[{"href":"http:\/\/universalyaldiz.com\/index.php\/wp-json\/wp\/v2\/media?parent=166"}],"curies":[{"name":"wp","href":"https:\/\/api.w.org\/{rel}","templated":true}]}}